y(g). Give l(15).
-3
Let a(h) be the second derivative of h**7/2520 - h**6/240 - h**5/60 - 11*h**4/12 - 22*h. Let m(o) be the third derivative of a(o). Calculate m(-3).
16
Let a(i) = i**3 + i**2 + 2*i + 2. Suppose 4*q - 60 - 38 = -2*d, q = -5*d + 29. Let v = q + -26. Calculate a(v).
-6
Let o(v) = v**3 - 4*v**2 + 3*v + 14. Let f(x) = 3*x**3 - 11*x**2 + 8*x + 43. Let i(j) = -4*f(j) + 11*o(j). Calculate i(0).
-18
Let m(a) = 3*a**2 - 68*a - 21. Let z be m(23). Let s(d) = 5*d**2 - 4*d + 4. What is s(z)?
16
Let s(t) = -t**2 + 4*t - 1. Let g(l) = -l**3 + 24*l**2 - 23*l - 2. Let j be g(23). Let d be 2*((-3)/4)/(j/8). Determine s(d).
-13
Let r(x) = -3*x + 2. Let w = -13 + 23. Let q = w + -10. Suppose q - 8 = -2*b. What is r(b)?
-10
Let z(b) be the third derivative of -1/4*b**4 + 8*b - 2/3*b**3 + 0 - 4*b**2. Give z(-3).
14
Let r = -878 + 883. Let f(m) = -4 + 5*m - 2*m**3 + m + 4*m**2 + m**3 - 3*m. Calculate f(r).
-14
Let w = 516 - 515. Let y(b) = -2*b**2. Determine y(w).
-2
Let p(o) = -7*o**2 + 4*o - 14*o + o**3 + 12*o + 2 + 3*o**2. Give p(4).
10
Suppose -2*p + 7 = -2*z - 11, 0 = 4*z - 3*p + 37. Let q(l) = -l**3 - 11*l**2 - 9*l + 3. Calculate q(z).
-7
Let h = -7 - -13. Suppose h*s = 3*s. Let f(v) be the second derivative of v**3/6 + 15*v**2/2 - 15107*v. Calculate f(s).
15
Let f(t) = -t**2 + 5*t - 6. Suppose 0 = -5*y + 17 + 68. Suppose 5 - y = -3*c. Give f(c).
-2
Let c(s) = 2*s - 6. Let v be c(12). Let y(m) = -35 + v - m + 18. Calculate y(0).
1
Suppose -8*x = 10*x - 17*x. Let w(c) be the third derivative of -1/60*c**5 - 1/6*c**3 + 9*c**2 + 0*c + x - 7/24*c**4. What is w(-7)?
-1
Let w(x) = -x**2 - 8*x + 9. Let r(l) = -2*l**3 - 16*l**2 + 18*l - 9. Let f be r(-9). Determine w(f).
0
Let y be (-1008)/(-120)*(-10)/4 + 5. Let g(j) = -6*j - 22. Calculate g(y).
74
Let i(y) = y + 4. Suppose -f - 3*o + 54 = 0, -5*f - o + 131 + 153 = 0. Suppose -49 = -k - f. Determine i(k).
-4
Let l(x) = -x - 2. Suppose -z - 10 = -2*q, 3*z + 21 = 4*q - q. Suppose 3*s - 21 = q*a, 8*a - 3*a + 3*s = -3. Let g be (0 - a) + 3 + 0. What is l(g)?
-8
Let c be (-3)/6*(-70)/7. Suppose -3*i = -5*w + i + 19, 5*w + i = 14. Let s(n) = 4*n**2 + 5 + 4*n + 0*n**3 + 2*n**w - 3*n**3. Give s(c).
0
Let v(c) = -3*c**3 + 3*c**2 + 5*c + 40. Let q(h) = 2*h**3 - 2*h**2 - 4*h - 40. Let t(x) = 4*q(x) + 3*v(x). What is t(0)?
-40
Let t(h) = -5*h**3 + 2*h**2 - 7*h - 9. Let y(s) = 14*s**3 - 3*s**2 + 21*s + 26. Let j(a) = -8*t(a) - 3*y(a). What is j(-4)?
38
Let p(c) = -3*c**2 + 4*c. Let j(o) = -o**3 + 3*o**2 + 5*o - 1. Let f be j(4). Suppose -f*g = 3*m + 3, -m - 18 = -3*m + 3*g. Give p(m).
-15
Let p(k) = 10*k + 100. Let u(f) = 2*f + 19. Let y(q) = -2*p(q) + 11*u(q). What is y(-6)?
-3
Suppose -4*c + 7*c = -2*p + 7, 11 = 3*p + 5*c. Let g(y) = y**2 - p*y**2 - y + 0*y**3 - y**3 - 8. Suppose 0 = 8*d - 4*d. Determine g(d).
-8
Let k(h) = 2*h**2 + 28*h - 6. Suppose -2*r + 26 = 2*n + 58, 0 = -4*r - 8. Calculate k(n).
-6
Let b(g) = -256*g**2 - 49*g - 25. Let z(w) = -81*w**2 - 16*w - 8. Let v(q) = -6*b(q) + 19*z(q). Calculate v(-4).
-10
Suppose -7*i + 10*i = 9. Let p(y) = -3*y - 1. Let a(z) = -3*z - 1. Let r(n) = 3*a(n) - 4*p(n). Determine r(i).
10
Let g(k) be the first derivative of -3*k**2 - 7*k + 1. Let n = 162 - 168. What is g(n)?
29
Let a(z) be the second derivative of z**4/12 + z**3/6 - 5*z**2/2 - 2*z + 71. Let c = 3 - 3. Give a(c).
-5
Suppose -5*w + 13 = -4*n, -5*w = -7*n + 6*n - 22. Let k(o) be the second derivative of 0 + 0*o**4 - 1/2*o**2 - 1/2*o**n + 1/20*o**5 + 5*o. Give k(-2).
-3
Let a(n) = -2*n + 3. Let l(u) = -u + 2*u - 4*u**3 - 4 - 8*u**2 + 5*u**3. Let r be l(8). Determine a(r).
-5
Let t(h) = h**3 - 2*h + 7 + 0*h**2 + 0 - 6*h**2. Suppose -30*w = -679 + 499. Determine t(w).
-5
Let x(z) = 2*z**2 + 2*z. Suppose -5*n - 9 = 6. Determine x(n).
12
Let o = 1 + -2. Let l(a) be the second derivative of 0*a**2 + 4*a + 1/2*a**3 + 0. Calculate l(o).
-3
Let c(v) = -29 + 2*v - 5*v**2 + 1 + 0*v + 18 + v**3. What is c(5)?
0
Let r(w) = -3983*w**2 + 21 + 22*w + w**3 + 0*w**3 + 4004*w**2. Determine r(-20).
-19
Let t(j) = 0*j - 12 + 8 - 10 - j - j. What is t(-6)?
-2
Suppose 3 = -2*w + 11. Let z = 9 - 5. Let c(m) = 0*m + w*m + 2 + m**3 + 6 + 6*m**2 - z. What is c(-5)?
9
Let i(b) = 1 + 115*b - b**3 + 116*b + 109*b - 354*b - 15*b**2. What is i(-14)?
1
Let p(f) = -f + 13. Suppose 90 = 129*r - 120*r. Calculate p(r).
3
Let u(t) = 7*t - 1. Suppose -32 = -s - 5. Let v = s + -28. Determine u(v).
-8
Let t(m) = m + 8. Let c = 6 + -14. Let h be t(c). Let d(q) = 0 - 2 + 9 + 0 - 13*q + 12*q. Give d(h).
7
Let k be ((-7)/2 - (-3)/1)*-4. Let u(s) = -2 - 7 - 2*s - k*s + 10. Give u(1).
-3
Let u(x) = -x**2 - 3*x - 3. Let v(b) = 22*b**2 - 3*b + 2. Let d be v(1). Suppose -6*g + 15 = -3*j - 7*g, 3*j = -3*g - d. What is u(j)?
-7
Let j = -1 + 0. Let w(k) = -14*k - 6. Let x(z) = -16*z - 7. Let h(f) = -6*w(f) + 5*x(f). Determine h(j).
-3
Suppose r + 13 = -2*h + 4*r, -4*r - 21 = 5*h. Let v(d) be the second derivative of -2*d**3/3 - d**2/2 - 249*d. Determine v(h).
19
Let z(b) = -5*b + 15 + 8 - b**2 + 14 - 43. Suppose 2*d + 18 = -2*c, 3*d + 0*d = 3*c - 3. Determine z(d).
-6
Let f(g) be the second derivative of 7/6*g**3 + 11*g + 1/12*g**4 + 1 - 1/2*g**2. Calculate f(-5).
-11
Let f(t) = -3*t**2 + 10*t + 1. Let b(x) = x**2 - 5*x - 1. Let j(u) = 5*b(u) + 2*f(u). Suppose -36 = 5*d + s - 3*s, 5*d = 5*s - 45. Calculate j(d).
-9
Let z(s) = -s**3 + 5*s**2 + 1. Let a(x) = 5*x**3 - 26*x**2 - 5. Let y(f) = 2*a(f) + 11*z(f). Suppose -7*u = 8*u - 45. Give y(u).
1
Let k = 14 - 16. Let o(d) be the second derivative of d**2 + 1/20*d**5 + 2/3*d**3 + 5/12*d**4 + 0 + 2*d. What is o(k)?
6
Let w = 23 - 18. Let l(q) = q**3 - 5*q**2 - 6. Give l(w).
-6
Let j = 1458 + -1459. Let f(n) = -10*n**3 + n**2 + 2*n. Calculate f(j).
9
Let a(s) = 2*s**2 + 18*s + 29. Let v be a(-7). Let n(h) = -8*h - 1. Give n(v).
-9
Let v(l) = 9*l - 3. Suppose -s = 3*s + 68. Let z(u) = 26*u - 8. Let w(f) = s*v(f) + 6*z(f). Let k = -8890 - -8894. What is w(k)?
15
Let l be 2 - 0/(-1) - (39 - 33). Let d(a) = -a**3 - 2*a**2 + 6*a - 1. Calculate d(l).
7
Let z(y) = -29*y + 2 - 31 - y**2 + y - 3. Give z(-27).
-5
Let p(t) = t + 3. Let z = 127 + -128. Let f be (0 + z)/((-2)/(-6)). Determine p(f).
0
Let j(t) be the second derivative of t**5/20 - t**3/6 + t**2 + 2*t. Let f be 1 + (-2)/(-5) + (-108)/45. Let m = -1 + f. Calculate j(m).
-4
Let i(r) = -2*r**2 - 2*r + 3. Let k(h) = -h**2 + 3*h + 7. Suppose 0 = 6*a - 2*a + d - 4, 5*a - d - 5 = 0. Let j = a + 4. Let o be k(j). Determine i(o).
-9
Suppose 6*r + 28 = -14. Let k(a) = 9*a + 15. Let u(z) = -2*z - 1. Let g(y) = -k(y) - 4*u(y). What is g(r)?
-4
Let n(l) = -4*l - 2. Suppose v - 2*f = 6, v = -0*f - 4*f - 6. Suppose 0*u + v*u = 0. Suppose -a + g = u, -2*g = 4*a + 12 - 0. Calculate n(a).
6
Let o(k) = k**2 - 4*k + 4. Let a(r) = 2*r**2 - 5*r + 4. Let g(m) = 3*a(m) - 4*o(m). Let t be 15/60 + ((-15)/12 - 2). Determine g(t).
11
Suppose -13*z = -23*z + 40. Let n(r) = -r + 5. What is n(z)?
1
Suppose -15 = -0*h + 3*h. Let y be (-468)/(-21) - 8/28. Let f(x) = -y*x**2 + 23*x**2 - 3*x - 6 + 8*x. What is f(h)?
-6
Let o(w) = w + 5. Let x(l) = 2*l + 11. Let z(r) = 13*o(r) - 6*x(r). Let v be z(1). Let t = 7 + v. Let k(d) = d - 6. What is k(t)?
1
Let x = -60 + 121/2. Let w(o) be the third derivative of -x*o**3 + 1/60*o**5 - 2*o**2 + 1/6*o**4 + 0*o + 0. Calculate w(2).
9
Let d(z) = z + 2. Let w(r) = r**3 + 14*r**2 + 14*r + 15. Let o be w(-13). Suppose 4*v = -o*k + 18, 5*v - 3*k = 11 + 17. Calculate d(v).
7
Let y = -676 + 667. Let d(c) = 9*c + 5. Let n(f) = 4*f + 3. Let i(u) = -3*d(u) + 7*n(u). Give i(y).
-3
Let b(x) = -x**2 - 81 + 868*x - 21*x**3 - 867*x + 80. Calculate b(1).
-22
Let o(v) = 4*v + 8. Suppose -l + 15 - 17 = 2*d, 0 = -2*l. What is o(d)?
4
Let h(w) = -264*w**2 + 263*w**2 - w - 11*w + 9. What is h(-12)?
9
Let v(t) be the first derivative of -t**5/60 - 5*t**4/24 + 10*t**3/3 + 10. Let b(g) be the third derivative of v(g). Determine b(-6).
7
Let p(x) = -12*x - 13 + 36 - 22. Let l be (-1)/7 + 8/7. Give p(l).
-11
Let x be ((-7332)/120)/(-13) - (-3)/10. Let r(g) = 2*g**2 - 2*g**2 + g**3 - 4*g**2 - 7 - 4*g. Calculate r(x).
-2
Let m(f) = -175 + 2*f + 86 + 89 + 13*f**2. What is m(1)?
15
Let i(b) be the first derivative of 3*b**2/2 + 6*b + 472. Let v(o) = 8*o - 4. Let n be v(3). Suppo